1 + -1 - -2 - (27 + -20)?
-7
What is 5 - (-2 + 30 + -3 - 5)?
-15
What is the value of 17 - -1 - ((-120 - -63) + 66)?
9
What is 10 + -12 + (16 - 36 - -13)?
-9
What is 16 + -27 + 4 - 3?
-10
What is the value of -14 + -5 + 8 + 3?
-8
Calculate -185 + 180 - (0 + -24 - 0).
19
What is -1335 + 1304 + 23 + 2?
-6
7 + (-7 - (-13 + -1 - (0 - 3)))
11
Evaluate 2 - (1 - (0 - 5)) - 2 - -16.
10
(-26 - 0) + (45 - -1)
20
Evaluate 23 + -13 + -25 + 31.
16
Evaluate -15 + (6 - -1) + 2 - -4.
-2
What is 0 + 1 + -5 + -1199 + 1204?
1
Evaluate -23 - -2 - (421 - 439).
-3
What is the value of 40 - 30 - (10 + 6 + 2)?
-8
What is 31 + (7 - 17) - 31?
-10
Evaluate -1 - -3 - (-4 + -10 + (-102 - -103)).
15
Calculate 21 + 17 + -9 + -22.
7
What is (-16 - (-2 + 3)) + -127 + 142?
-2
What is the value of -13 - -1 - (-19 + 3 + -8)?
12
Calculate (15 - 8) + -8 + 5 + -9.
-5
32 - (39 + -14) - 30
-23
Evaluate -3 + -8 + 13 + (-3 - (0 - 0)).
-1
Evaluate 0 - (4 - 3) - -46 - (-29 + 37).
37
What is the value of 1 - ((13 - (28 + 3)) + 15)?
4
Evaluate 20 + -9 + 2 + (-6 - 4 - -8).
11
Calculate 5 + 4 + -14 + 7 + 1 + -7.
-4
Evaluate (9 - (-2 - -3)) + -25 + -2.
-19
What is the value of -8 + (25 + -2 - 14)?
1
10 - ((-4 - 10) + 8 - (-9 - -9))
16
What is the value of 7 - (-66 - -42 - (-10 + 0))?
21
Evaluate (3737 - 3717) + (1 + -2 - (6 - 0)).
13
Calculate 8 - ((15 - (10 - 0)) + 15).
-12
What is 1497 + -1527 - (-10 + (2 - 3))?
-19
Calculate 17 + -28 - (48 - 43).
-16
Calculate -33 + 30 - (7 + -24).
14
What is (15 - 26) + 4 + 5 + -29?
-31
What is the value of (246 - 262) + (17 - 0)?
1
Evaluate -2 + (5 + -6 - -4) + 1 - -4.
6
Calculate (14 - (-7 + 8)) + -29 + (2 - -2).
-12
(25 - 14) + -14 + (-7 - -9)
-1
What is -5 - ((-5 + -11 - -4) + 6 + 11)?
-10
What is the value of (43 - 28) + 17 + (-2 - 12)?
18
Calculate (43 - (56 + -25)) + 0.
12
Calculate 10 - (-2 + 7) - 6.
-1
-6 - (12 + 3 + -24) - 12
-9
(-1 - -6 - 10) + 6 + -6 + -1
-6
Calculate (-8 - (-3 - -6)) + 187 + -158.
18
What is the value of -2 - (-4 - -17 - 22 - 20)?
27
Calculate -46 - -45 - (-12 + 35).
-24
(304 - 352) + (-1 - -34)
-15
What is (2 - 2) + -6 - ((-20 - 23) + 8)?
29
What is the value of -37 + 1 + 20 + 4 + 1?
-11
What is the value of -185 + 186 + 12 + 1?
14
19 + (-12 - -24) - 36
-5
Evaluate -3 + 18 + (-11 - -1) - (20 + 0).
-15
Calculate -5 + -8 + (-15 - -11) - -33.
16
What is -18 - (3 + -6) - (35 - 37)?
-13
Evaluate 1 + -8 - (6 + -34 + 1 + 7).
13
What is the value of -12 - -24 - (3 - -3)?
6
What is the value of 10 + 3 + (7 - 16) - 3?
1
Evaluate 0 - (0 + (8 - 4) - (14 + -1)).
9
-2 - (1 + -3 + -8 + 0 + -1)
9
What is the value of 0 - -23 - (23 + (21 - 29))?
8
Calculate -2 + -18 - (-32 + -13 + 24 + 10).
-9
What is 14 + -18 + -14 + 15 + -2?
-5
(-54 + 25 - -24) + (0 - 2) + -5
-12
Evaluate (-4 - 14) + (0 - -1) + 3 + 4.
-10
1 + -18 + (-16 - 18 - -18)
-33
26 + -6 + -1 + -6 - 1
12
0 + -1 - (41 - 23)
-19
Calculate 32 - 46 - (1 - 27).
12
Calculate (29 - (-1 + 1)) + (826 - 829).
26
What is the value of -14 + 48 - 54 - ((-2 - -9) + -2)?
-25
What is the value of (-4 - 1) + -26 + -4 - (5 + -4)?
-36
What is 0 + -6 + (2 - ((2 - 1) + 13))?
-18
Calculate 4 + 1 + -7 + -2 + -14 + 20.
2
Calculate 38 - (27 - (-5 + 23)).
29
What is 3 + 0 + 2 + 21 + -2 + -11?
13
What is -11 + 10 - (27 + -3 + 2)?
-27
(7 - -29) + -49 + -10
-23
What is the value of (-6 + -7 - -9) + -15 + -6?
-25
What is -25 - -1 - (530 - 575)?
21
Evaluate -20 + -3 + 9 + (2 - 1).
-13
Calculate -7 - (-3 + 4 - 11) - (14 + 1).
-12
49 + -55 + 14 + -2
6
6 + 0 + -2 - (-64 + 38 + 35)
-5
(-33 - -29) + (-1 - -12)
7
What is the value of (1 - 0) + (2 - 11)?
-8
-4 - 2 - ((13 - 2 - 9) + 0)
-8
What is the value of -20 - -2 - -19 - (20 + -2 + 2)?
-19
(-1 - (8 + -13)) + (-1 - (6 - 15))
12
Evaluate (8 - ((1 - 1) + 0)) + 319 + -323.
4
Evaluate 7 + (-12 - -12 - -7).
14
-16 - (-11 - -22 - 7)
-20
Evaluate -30 - (-8 + 13 + (-1 - 6)).
-28
24 - (13 - 13) - 30
-6
Evaluate (66 - 31) + 28 + -28.
35
What is the value of -8 + (150 - 134) + 22 + -2?
28
What is the value of -2 - (-1 + 6 - (31 + -29))?
-5
What is the value of (-1 + 11 - 4) + -4 + -3?
-1
Calculate -111 + 116 + (1 - 19) + 2 + -3.
-14
1 + -9 + (-2 - ((-12 - 1) + 4))
-1
What is the value of 7 - ((5 - 2) + 24 + (-2 - 10))?
-8
Calculate (-3 - (3 - 2) - 1) + (45 - 38).
2
-6 + 2 + -3 - (-11 + -20 - -24)
0
What is the value of (-13 - (-18 - -8)) + 6 + (0 - 25)?
-22
What is (34 - 1) + (-214 - -199)?
18
Evaluate (-49 - -34) + 15 + (0 + 0 - 13).
-13
Calculate -254 - -258 - (20 + 2).
-18
What is the value of -14 + (-4 - (5 - (5 + 9 - 5)))?
-14
Evaluate 6 + (1 + 8 - 9) + -6 + -5.
-5
Calculate -17 - (15 - -4 - 50).
14
What is (270 - 268) + 0 + 7?
9
2 + 0 + (-8 + 9 - -5)
8
What is the value of -10 + 0 - -15 - 7?
-2
Evaluate -5 + (-13 + -6 + 7 - (-7 + 1)).
-11
Evaluate 2 + 5 + 2 + (-18 - (-3 + 0)).
-6
What is the value of -2 + -8 - (-3 + -41 + -13 + 16)?
31
-26 + (16 - (-15 - (-13 - 11)))
-19
Evaluate -11 + (-4 + 4 - -1) + (-127 - -150).
13
What is 5 - (-42 + 10) - (16 - 3)?
24
What is 1042 + -1062 + 13 + 1?
-6
4 - (3 - 3) - (-5 - -6)
3
(-35 - -53) + 1 + -5 + -5
9
What is the value of 6 + -8 + 2 - (-1 - 0)?
1
(-92 + 96 - (-1 - 4)) + -3
6
25 - (-7 - -9) - 8
15
What is the value of 7 - (7 - (-31 - -16 - -17))?
2
What is -3 + -3 + (4 + (-7 - -4) - 4)?
-9
Evaluate -15 + 20 + 7 + -22.
-10
What is the value of (-8 - -17) + 6 - (-3 + 11 + -3)?
10
Calculate (10 - (-17 - -30)) + (-1 - -16).
12
(-13 - -7) + 13 - 0
7
What is the value of 2 + 24 + -12 + -10?
4
What is the value of 2 + 0 - (-7 + (-5 - -1) + 11)?
2
Evaluate 19 - (-18 - (-23 + -3)).
11
Evaluate (-4 - 1) + 1 + 7 + -2 - -6.
7
Calculate 0 - 2 - (-21 + 18).
1
-27 - ((148 - 155) + -1 + -1)
-18
What is -6 - (-8 + 20) - (-5 + 1)?
-14
(6 - (8 + (1 - -4))) + 5 - -9
7
What is -3 + -9 + -5 + 9?
-8
-148 + 179 - (-12 - -2) - 11
30
Evaluate 73 + -64 - (3 - -3).
3
What is (-28 - -36) + -25 - 13?
-30
Calculate 10 + 1 + 25 + 10 + -6 + -18.
22
Calculate -30 - ((30 - (7 - -11)) + -18).
-24
-1 - (2 - 2) - (28 + 0 + -31)
2
What is the value of -6 + (8 - (-25 - (-5 - -7))) - 4?
25
Evaluate 0 + 2 - (-302 - -287).
17
-4 + 1 + 4 + -24 + 23 + -3
-3
What is the value of 1 + -9 + 53 + 23 + -61?
7
What is 34 + (4 - (29 - -4))?
5
4 + -11 + 12 + 4
9
2 - (-3 + (10 - 1) + -7)
3
(1 + 38 - -3) + -121 + 120 + -3
38
-7 + (-6 - (-9 - (-4 + 9))) - -4
5
What is the value of 5 + 8 + 3 + -23 + 30?
23
(8 - -6) + -13 + 3
4
1 - (-4 + 4 + 32 + -9 - 6)
-16
1 + 8 + (-4 + 0 - -9)
14
Evaluate -5 + (-9 - (-17 + 7)).
-4
Evaluate 0 - (5 - (7 - 0 - -6 - 3)).
5
-7 + (7 - 5) + 4 - -10 - 21
-12
What is 5 + (-7 - -10) + 10?
18
Calculate 4 + 3 + (-7 - (-7 - (0 + -7))).
0
Calculate -2 + 2 + -6 - (5 - (15 + 2)).
6
What is the value of (-1 - -30) + 286 + -328?
-13
What is the value of -11 - (-3 + -3 + 16 + -6)?
-15
Evaluate -30 + 27 - (1 + -2 - (-9 - 5)).
-16
Evaluate (22 - 11 - -6) + -9 - -9.
17
What is the value of -7 - (10 - (2 + 10 + 2))?
-3
1 - (2 + (-8 - 15) - (-2 + -1))
19
7 - (26 + -18 + 0)
-1
What is (-1 - -6) + (3 - 7) + 1?
2
What is the value of -20 + -6 - (-2 + -5)?
-19
-23 - -26 - (-5 - 1)
9
Calculate 0 - 0 - 1 - (585 + -585).
-1
Evaluate 5 + (13 - 41) + -12 + 3 + 1.
-31
Evaluate (-6 - 2 - -11) + 1.
4
What is the value of -3 - -8 - (14 - 1)?
-8
Evaluate (46 - (-46 - -78)) + (-1 - (0 - -2)).
11
What is 154 + -148 + (-1 - -1) + 1 + 0?
7
Calculate -15 - (-20 + 39 - (0 - 0)).
-34
What is (13 - (34 - 8)) + 9?
-4
1 - -8 - (-1 - -8 - (2 + -1))
3
(54 - 80) + (-3 - (4 - (3 - -9)))
-21
What is -38 + 75 + -34 + (1 - -1 - 30)?
-25
-28 + (-49 - (39 + -84))
-32
Calculate 5 - (-5 + (3 - (4 - (9 - 6)))).
8
What is the value of 12 + -6 + -3 + -5 - -1?
-1
Calculate (0 + -2 - -6 - 9) + 10.
5
Evaluate 2120 + -2100 + ((-1 - -1) + 1 - 8).
13
What is the value of 10 - (1 + 5 + -3 + 2)?
5
What is -15 - (6 - (3 + 14)) - (17 + -2)?
-19
Evaluate -2 + (7 + -1 - (7 + 0)) - -3.
0
-25 - -9 - (11 - 20)
-7
14 + (-8 + 1 + 18 + -17 - -5)
13
(1 - 1) + 27 - (424 - 412)
15
Calculate 0 + (2 - (-10 - -8)) - (2 + -12).
14
Calculate 0 + 1 + (8 - (10 - 10) - -3).
12
Evaluate (-35 - 2) + 626 + -581.
8
163 + -184 - (0 + -9)
-12
Calculate -4 - (8 + (-4 - (2 - -1 - 0))).
-5
What is the value of 2 - (9 - ((8 - 6) + -2 - 5))?
-12
What is -25 + 12 + (14 - 1) + -16?
-16
Evaluate -7 + (12 + (-9 - -3) - -1).
0
Calculate (14 + -3 - 62) + 